What is the hundreds digit of 83904702?
7
What is the tens digit of 98788438?
3
What is the thousands digit of 37036111?
6
What is the thousands digit of 2590626347?
6
What is the hundreds digit of 60740171?
1
What is the thousands digit of 1677286225?
6
What is the thousands digit of 69023519?
3
What is the hundred thousands digit of 694800585?
8
What is the tens digit of 457143945?
4
What is the hundred thousands digit of 105544488?
5
What is the thousands digit of 38219121?
9
What is the hundreds digit of 7912575329?
3
What is the units digit of 744509756?
6
What is the thousands digit of 3896615437?
5
What is the hundred millions digit of 3216410625?
2
What is the millions digit of 515487829?
5
What is the thousands digit of 48763748?
3
What is the tens digit of 12947108?
0
What is the units digit of 77002742?
2
What is the hundreds digit of 44743669?
6
What is the ten millions digit of 272262790?
7
What is the units digit of 4888385597?
7
What is the units digit of 396972510?
0
What is the tens digit of 17007786?
8
What is the ten thousands digit of 1761053731?
5
What is the tens digit of 933601396?
9
What is the units digit of 178525142?
2
What is the millions digit of 24831077?
4
What is the millions digit of 12877361?
2
What is the thousands digit of 59819242?
9
What is the hundred millions digit of 160972091?
1
What is the hundred thousands digit of 2670586349?
5
What is the millions digit of 46667979?
6
What is the hundred millions digit of 951127113?
9
What is the hundred thousands digit of 5655045991?
0
What is the ten millions digit of 2007112775?
0
What is the ten thousands digit of 66319015?
1
What is the millions digit of 80026549?
0
What is the ten millions digit of 5158498658?
5
What is the ten thousands digit of 451596812?
9
What is the ten millions digit of 52403929?
5
What is the billions digit of 2859656584?
2
What is the millions digit of 3765318399?
5
What is the ten thousands digit of 69613556?
1
What is the hundred thousands digit of 1427880681?
8
What is the ten millions digit of 1990716294?
9
What is the millions digit of 17281454?
7
What is the ten thousands digit of 49589270?
8
What is the hundred thousands digit of 219031776?
0
What is the ten millions digit of 1944086150?
4
What is the millions digit of 155583382?
5
What is the tens digit of 1837304787?
8
What is the hundreds digit of 14247779?
7
What is the hundreds digit of 8798990?
9
What is the tens digit of 37819694?
9
What is the hundred thousands digit of 60165577?
1
What is the hundreds digit of 22728770?
7
What is the hundreds digit of 65293830?
8
What is the billions digit of 7787855147?
7
What is the tens digit of 5355818499?
9
What is the hundred thousands digit of 330156418?
1
What is the millions digit of 3730848225?
0
What is the hundred thousands digit of 10263302?
2
What is the tens digit of 48216509?
0
What is the hundred millions digit of 192759415?
1
What is the thousands digit of 1372662601?
2
What is the hundred millions digit of 4196575920?
1
What is the ten millions digit of 789835120?
8
What is the hundred thousands digit of 1020219595?
2
What is the hundred thousands digit of 19220865?
2
What is the hundreds digit of 571451181?
1
What is the hundred millions digit of 4500078748?
5
What is the tens digit of 1058855607?
0
What is the units digit of 46784176?
6
What is the thousands digit of 1148614316?
4
What is the units digit of 50976?
6
What is the tens digit of 160910393?
9
What is the thousands digit of 60977801?
7
What is the tens digit of 119587797?
9
What is the tens digit of 956511365?
6
What is the thousands digit of 63588293?
8
What is the millions digit of 13773433?
3
What is the thousands digit of 936013441?
3
What is the billions digit of 3948583182?
3
What is the units digit of 461688811?
1
What is the hundreds digit of 75451929?
9
What is the hundred millions digit of 633434164?
6
What is the hundred millions digit of 148861082?
1
What is the thousands digit of 20927?
0
What is the hundred millions digit of 1593202035?
5
What is the hundred thousands digit of 24109575?
1
What is the billions digit of 1381800368?
1
What is the units digit of 4334836563?
3
What is the ten thousands digit of 133161778?
6
What is the thousands digit of 317685019?
5
What is the millions digit of 21589409?
1
What is the ten millions digit of 1092206647?
9
What is the ten millions digit of 1623609891?
2
What is the tens digit of 2588706607?
0
What is the millions digit of 114483051?
4
What is the hundred millions digit of 378838246?
3
What is the thousands digit of 408392256?
2
What is the tens digit of 57004956?
5
What is the ten thousands digit of 2147080414?
8
What is the ten thousands digit of 3284548500?
4
What is the hundreds digit of 307529838?
8
What is the ten thousands digit of 18246109?
4
What is the hundred thousands digit of 5298928313?
9
What is the hundred thousands digit of 51852239?
8
What is the millions digit of 30439536?
0
What is the thousands digit of 4007880498?
0
What is the hundred millions digit of 294648768?
2
What is the millions digit of 287429525?
7
What is the thousands digit of 16311166?
1
What is the hundred millions digit of 676857109?
6
What is the ten millions digit of 5371482880?
7
What is the ten millions digit of 19581993?
1
What is the thousands digit of 31285605?
5
What is the ten millions digit of 80180679?
8
What is the millions digit of 991510083?
1
What is the thousands digit of 554477046?
7
What is the hundred millions digit of 2382311190?
3
What is the millions digit of 219454345?
9
What is the hundred millions digit of 183435338?
1
What is the hundred millions digit of 234991020?
2
What is the hundred thousands digit of 53874379?
8
What is the hundreds digit of 18558581?
5
What is the billions digit of 4771538213?
4
What is the ten thousands digit of 70423045?
2
What is the millions digit of 357532292?
7
What is the billions digit of 1411515636?
1
What is the millions digit of 321956125?
1
What is the hundreds digit of 375049856?
8
What is the hundreds digit of 38059116?
1
What is the millions digit of 340007408?
0
What is the tens digit of 518540345?
4
What is the units digit of 317631553?
3
What is the hundred millions digit of 3355730870?
3
What is the hundreds digit of 130997202?
2
What is the billions digit of 1516331424?
1
What is the tens digit of 16920389?
8
What is the thousands digit of 30255453?
5
What is the units digit of 26747438?
8
What is the hundred thousands digit of 323233184?
2
What is the thousands digit of 415754681?
4
What is the tens digit of 95118509?
0
What is the tens digit of 134423800?
0
What is the hundreds digit of 2693112665?
6
What is the tens digit of 124892499?
9
What is the ten thousands digit of 207864004?
6
What is the hundreds digit of 85885554?
5
What is the tens digit of 10235384?
8
What is the millions digit of 8525665?
8
What is the hundreds digit of 56643552?
5
What is the hundred thousands digit of 40019247?
0
What is the thousands digit of 72547026?
7
What is the hundred millions digit of 121805596?
1
What is the hundred thousands digit of 414451620?
4
What is the hundreds digit of 68130342?
3
What is the tens digit of 6087734?
3
What is the hundreds digit of 72326341?
3
What is the tens digit of 81967746?
4
What is the hundreds digit of 272621561?
5
What is the thousands digit of 228225656?
5
What is the millions digit of 333111653?
3
What is the millions digit of 79774111?
9
What is the billions digit of 2394535442?
2
What is the ten millions digit of 1701255604?
0
What is the hundred thousands digit of 210560526?
5
What is the units digit of 9627243?
3
What is the millions digit of 58256717?
8
What is the thousands digit of 507945125?
5
What is the ten thousands digit of 1550134049?
3
What is the hundreds digit of 270380143?
1
What is the thousands digit of 6821530?
1
What is the hundred thousands digit of 1951764946?
7
What is the tens digit of 13777693?
9
What is the thousands digit of 29201537?
1
What is the hundred millions digit of 1415141591?
4
What is the millions digit of 693543827?
3
What is the hundred millions digit of 463232830?
4
What is the tens digit of 33893188?
8
What is the thousands digit of 43651741?
1
What is the ten thousand